ose 2 = g - s*j - 6, 4*j = -2*g - 14. Give y(g).
9
Suppose -10*l = 7*l - 20*l. Let r(s) = -6*s - 4. Let b be r(l). Let m(k) = 2*k**2 + 7*k + 4. What is m(b)?
8
Let g = -204 - -198. Let o(l) = 3 + 0*l - 3 - 1 - 3*l - 3. Give o(g).
14
Let s(l) = 7*l**2 - 4*l + 6. Let u(z) = -94*z**2 + 39*z**2 - 9 + 42*z**2 + 6*z - 4. Let x(a) = -11*s(a) - 6*u(a). What is x(-8)?
12
Let i(h) = h - 7. Let o be (-4 - (-256)/40) + 3/15*-2. What is i(o)?
-5
Let u(m) = -92894 + 0*m + 92871 - 2*m**2 + 59*m. Calculate u(29).
6
Let g be (-10 - (1 + 0)) + (166 - 161). Let i(r) = 4 + r**3 + 0 + 102*r**2 - 5*r - 97*r**2. Give i(g).
-2
Let w(l) = -l**2 - 4*l + 3. Suppose 3*z + 77 - 68 = 0. Let o be w(z). Let s(n) be the first derivative of n**3/3 - 4*n**2 - 8*n - 225. Calculate s(o).
-20
Let w = -1031 - -1038. Let m(g) = 26*g**2 - g**3 - 7*g + 9 + g - 18*g**2 - 1. Determine m(w).
15
Let q be (26 - 20)/(3/2). Suppose 0 = 13*l - 15*l - q. Let s(g) = g**3 + g**2. What is s(l)?
-4
Let p(k) = k**2 + 3*k - 14. Let c be p(-10). Suppose 8*h - h - c = 0. Let r(i) = -i**3 + 9*i**2 - 6*i - 3. Calculate r(h).
13
Let f(o) = o**2 - o. Suppose h = 2*a + 271, -672 + 102 = -2*h - 3*a. Let b = h + -279. What is f(b)?
0
Suppose 45 = 3*s + 4*h, 3*h - 39 = 7*s - 10*s. Let b(q) = 36*q - 252. Calculate b(s).
0
Let w(k) = -2 + 1 + 4*k + 5. Let l = -440 - -581. Let h = l + -145. What is w(h)?
-12
Suppose 3*b + 13 = 6*b + 4*q, -5*b + 19 = 4*q. Let z(a) be the second derivative of -a**3/6 - a**2/2 - 2063*a. Give z(b).
-4
Suppose -5*q - s - 45 = 28, 0 = -2*q - 3*s - 24. Let z(r) = r**2 + 19*r + 53. Calculate z(q).
-7
Let f(y) = 62*y**2 - 199*y + 36. Let a(g) = -44*g**2 + 141*g - 26. Let k(r) = 17*a(r) + 12*f(r). Calculate k(2).
-8
Let y(o) = 3 + 32*o**3 + 35*o**3 + 40*o**3 + 9*o**2 + 7*o + 7 - 106*o**3. What is y(-8)?
18
Let b = 40 + -41. Let i(z) = -z - 2. Let t(q) = q. Let c(l) = b*i(l) - 2*t(l). Determine c(-4).
6
Let n be (-34)/(-60) + 86/10 + -9. Let o(b) be the third derivative of -8*b**2 + n*b**3 - 1/12*b**4 + 0 + 0*b. Give o(-2).
5
Let q(p) = -p**2 - 19*p + 6. Let b be (-51)/(-9) - (-6 + (-60)/(-9)) - 24. Calculate q(b).
6
Let i(s) = -3*s**2. Let d = -3498 + 3498. Determine i(d).
0
Let r(c) be the second derivative of -c**6/360 + c**5/24 + c**4/3 - 43*c**3/6 + 4*c - 2. Let s(n) be the second derivative of r(n). What is s(7)?
-6
Let c(v) = v**2 - 13*v - 1. Suppose -362*b - 148 + 13 = -377*b. Calculate c(b).
-37
Let m(q) = -74*q - 10. Let p(v) = 26*v + 4. Let b(w) = 4*m(w) + 11*p(w). Calculate b(3).
-26
Let f be -2*4*(7 - 285/38). Let d(g) = -f*g**2 - 7 - 3*g**2 - g - g**2 + 9*g**2 - 2*g**3 + 3*g**3. Let t be 0/(-3 - -1 - 0). Give d(t).
-7
Let v be 148/814 + ((-2693)/(-11) - -1). Let a = 257 - v. Let n(z) = z - 8. Calculate n(a).
3
Let u(i) be the second derivative of 0 - 70*i + 1/2*i**2 - 3/2*i**3. What is u(-3)?
28
Let t = -4 - -8. Let k(f) = -5*f**2 + 35*f + 120. Let l(x) = -2*x**2 + 14*x + 44. Let v(q) = 3*k(q) - 8*l(q). Determine v(t).
-4
Let a(t) = t**3 - 9*t**2 + t + 2. Let d = 553 + -553. Suppose 18*g + 8*g - 234 = d. Determine a(g).
11
Let c = -11273 - -11277. Let d(t) be the first derivative of -1/4*t**c + 0*t**2 - 4/3*t**3 - 22 + 4*t. Calculate d(-4).
4
Suppose 4*g + 3*h = -56 + 32, 5*h = 0. Let l(s) = -3*s**2 - 5*s - 3. Give l(g).
-81
Let q be 35904/(-4752) + 2*(-4)/18. Let l(w) = -w**2 - 17*w - 73. What is l(q)?
-1
Let v(w) = -44 + 40 + 165*w**3 - 164*w**3 - 9*w**2 + 8*w + 3*w. Determine v(7).
-25
Let r(i) = 5*i**3 - 4*i**2 + 9*i + 31. Let m(u) = u**3 + u + 4. Let p(d) = -6*m(d) + r(d). What is p(-4)?
-5
Let q = 380 - 278. Suppose -86*p = -q*p - 16. Let m(o) = -15*o + 1. Calculate m(p).
16
Let z = 123 + -128. Suppose 4*y - 5*p - 13 = 32, -3*p - 15 = 0. Let w(v) = -4*v**3 - v - v + y*v**3 - 4*v - 2 + 4*v**2. Give w(z).
3
Suppose -354 = -10*f + 316. Let d = 60 - f. Let n(q) = -q + 7. Determine n(d).
14
Let w(z) be the third derivative of -1/6*z**3 + 19*z**2 - 1/10*z**5 + 3 + 0*z + 1/8*z**4 + 1/120*z**6. Calculate w(3).
-19
Let j(w) = -5*w**2 + 11*w + 8. Let f(d) = 6*d**2 - 12*d - 8. Let v(x) = 3*f(x) + 4*j(x). Suppose 3*m - 2 - 13 = 0. Give v(m).
-2
Suppose -5*s - 11*k + 6*k - 30 = 0, 7*k = 4*s - 20. Let j(u) = -u**2 - 3*u - 9. Determine j(s).
-7
Suppose 0*q - 2*t = 2*q - 84, 5*t = -10. Let b be (-550)/q*2/5. Let r(s) = -s**2 + 3*s + 5. Give r(b).
-35
Let k(y) = y**3 - 2*y**2 - y + 3. Suppose 4202 = 4*w + 18*w. Let s = w - 188. What is k(s)?
9
Let k(x) be the first derivative of 151 - 4*x - 1/4*x**4 - x**3 - 3/2*x**2. Determine k(-2).
-2
Let q(o) = -4*o - 81*o + 86*o + 4 - o**3. What is q(-2)?
10
Let u = -10878 - -10886. Let s(d) = d**3 - 9*d**2 + 9*d - 7. Calculate s(u).
1
Let b = 2402 + -2397. Let n(h) = h**3 - 3*h**2 - 2*h + 6. What is n(b)?
46
Let l(k) be the first derivative of -33*k**2/2 + k + 1. Let p be l(-7). Let t(u) = -231*u**2 + 4*u + p*u**2 - 16*u. Give t(11).
-11
Let n(b) = 23*b**2 + 26*b - 303. Let s(o) = 16*o**2 + 18*o - 204. Let q(l) = -9*n(l) + 13*s(l). Determine q(0).
75
Let g be ((-8)/(-6))/((-4)/(-6)). Suppose -21 = -0*v - 7*v. Let z(h) = 0 + 2 - h + 3*h**3 - 5*h**3 + h**v - 2*h**2. Calculate z(g).
-16
Let n be (13 - 14) + -3 + 1 - -28. Let m(q) = -9*q - 4*q + n*q - 13*q. What is m(2)?
-2
Let t(y) be the third derivative of y**4/6 + 5*y**3 + 3*y**2 + 40*y. What is t(-7)?
2
Let p(r) = -r + 1. Let t be p(-3). Suppose 22 = q - t*o, -3*o + 0 = -2*q + 24. Let f(g) = -8*g**3 - 3*g**3 + 10*g**3 - 3 + 5*g**2 + g**2. Determine f(q).
-3
Suppose -3*c + 3 = 3*w, c + 233*w = 229*w - 5. Let y(g) be the second derivative of 3/2*g**2 + 1/6*g**4 + 2*g - 1/2*g**c + 1/20*g**5 + 0. What is y(-3)?
3
Suppose 23 = 28*l - 33. Let n(i) be the second derivative of -2/3*i**3 - 1/12*i**4 + 14*i + 0 - 5/2*i**l. Calculate n(-5).
-10
Let v(j) = 5*j**2 - 34*j + 21. Let n be 5*((-4)/((-40)/7) - (-52)/104). What is v(n)?
-3
Let i(h) be the second derivative of -h**4/12 - 4*h**3/3 - 3*h**2/2 + 89*h. Let d(w) = 2*w**2 + 18*w + 7. Let p(l) = 2*d(l) + 5*i(l). Give p(-5).
-6
Suppose 15*u - 18*u + 21 = 0. Let k(p) = 17*p**2 + 18*p**2 - p**3 - u*p - 57*p**2 + 16*p**2. What is k(-5)?
10
Let i(q) = -q**3 - 2*q**2 - 5. Let w be i(-3). Let g be (8*(-3)/18)/(w/(-6)). Let a(c) = -53*c - 9*c**g + 53*c. What is a(1)?
-9
Let n(z) = -18*z + 8. Suppose -73*a = -68*a + 10. Give n(a).
44
Suppose 2*i - 66 = 2*q + 2*q, -79 = -3*i - 4*q. Let b(y) = 14 - i + 4*y + 8. What is b(4)?
9
Let w(b) = -220*b - 9253. Let f be w(-42). Let r(p) = p**3 + 13*p**2 + 2*p + 47. Calculate r(f).
21
Let v(s) be the third derivative of s**5/30 - 31*s**4/24 - 4*s**3/3 + s**2 - 329. Determine v(16).
8
Let m(k) be the first derivative of -60 + 1/4*k**4 + k**2 + 2*k - k**3. What is m(2)?
2
Suppose 0 = -5*k + 4*t + 3, -26*k + 5*t - 18 = -27*k. Let s(j) be the second derivative of 7*j - j**k - 1/12*j**4 + 0 + 2*j**2. Calculate s(-7).
-3
Let s(z) = 8*z**2 + z - 12. Let c be s(-4). Let q(u) = -47*u + c*u - 59*u + 9. Give q(-7).
-33
Suppose 40 = -144993*q + 144997*q. Let k(m) = -22*m + 240. What is k(q)?
20
Suppose 0 = -9*c + 10*c + 92. Let q be c/115 + 1/(-5). Let f(v) = 25*v**3 + 2*v**2 + 2*v + 1. Calculate f(q).
-24
Let t(w) = -w**2 + 8. Let q(z) = -1. Let j(g) = 1. Let o(h) = 4*h + 1. Let c(n) = -4*j(n) - o(n). Let r be c(-2). Let p(i) = r*q(i) + t(i). Determine p(4).
-11
Let x be ((-84)/56)/(2/4). Let s(q) be the third derivative of -q**6/60 - q**5/15 - q**3/2 - 4*q**2 + 2*q. Give s(x).
15
Let r(p) = p - 47. Let v be 15*(-6)/9*(-12 + 11)*1. What is r(v)?
-37
Let r(u) be the first derivative of 3*u - 1/2*u**2 - 68. Calculate r(3).
0
Let z(a) = a**2 - 10*a + 8. Let y be -3*72/135*(-20)/8. Determine z(y).
-16
Let x(t) = -126 - 37*t + 7*t + 8*t + 10*t - 4*t. What is x(-8)?
2
Let w(t) be the first derivative of -104 + 11/3*t**3 + 1/2*t**2 - 2*t. Determine w(2).
44
Let p(t) = 18*t. Suppose 10*r - 98*r - 88 = 0. Determine p(r).
-18
Let n(g) = 2*g - 19. Let y(x) = 7*x - 13. Let u(p) = 2*p - 1. Let v(j) = 6*u(j) - 2*y(j). Let a(i) = 7*n(i) + 6*v(i). Calculate a(10).
7
Suppose -6*n + 19*n = -39. Suppose 3*f - 8 = 2*f. Let o(u) = f*u - 3*u - 6*u. What is o(n)?
3
Let u = -28847 - -28852. Let x(d) be the third derivative of d**6/120 - d**5/10 + d**4/12 - d**3 - 2*d**2. Give x(u).
-21
Suppose 4*w - 13 = s, -4*s + 1 - 21 = 0. Let u(n) be the first derivati